{"id":14364,"date":"2021-03-29T10:42:34","date_gmt":"2021-03-29T13:42:34","guid":{"rendered":"http:\/\/www.sepacoautogestao.org.br\/home\/?page_id=14364"},"modified":"2023-07-25T15:54:27","modified_gmt":"2023-07-25T18:54:27","slug":"prestadores","status":"publish","type":"page","link":"http:\/\/www.sepacoautogestao.org.br\/home\/prestadores\/","title":{"rendered":"Prestadores"},"content":{"rendered":"<div class='grid-row clearfix'><\/div><div class='grid-col grid-col-6'><section class='cws-widget'><section class='cws_widget_content'>\n<p style=\"text-align: left;\"><i class='featured_icon f-left icon_frame fa fa-external-link fa-4x'><\/i>\n<h2><a href=\"https:\/\/portalag2.sepaco.org.br\/login\">Acesso ao Portal<\/a><\/h2>\n<p>Acesse o novo sistema do Sepaco Autogest\u00e3o<\/p>\n<hr>\n<i class='featured_icon f-left icon_frame fa fa-list-alt fa-4x'><\/i>\n<h2><a title=\"Tabela TUSS\" href=\"http:\/\/www.sepacoautogestao.org.br\/home\/noticias\/conheca-o-passo-a-passo-para-navegar-na-nova-plataforma\/\">Tutorial para acesso ao novo Portal<\/a><\/h2>\n<p>Confira o manual de utiliza\u00e7\u00e3o do novo Portal<\/p>\n<hr>\n<i class='featured_icon f-left icon_frame fa fa-book fa-4x'><\/i>\n<h2><a title=\"Manual do Prestador\" href=\"http:\/\/www.sepacoautogestao.org.br\/home\/manual-prestador\/\">Manual do Prestador<\/a><\/h2>\n<p>Agilize o processo de atendimento de sua empresa.<\/p>\n<hr>\n<i class='featured_icon f-left icon_frame fa fa-file-pdf-o fa-4x'><\/i>\n<h2><a title=\"Manual TISS\" href=\"http:\/\/www.sepacoautogestao.org.br\/home\/wp-content\/uploads\/2017\/11\/Manual_TISS.pdf\">Manual TISS<\/a><\/h2>\n<p>Acesse o manual de boas pr\u00e1ticas na troca de informa\u00e7\u00e3o na sa\u00fade suplementar (TISS).<\/p>\n<hr>\n<\/section><\/section><\/div><div class='grid-col grid-col-6'><\/div><section class='cws-widget'><section class='cws_widget_content'><\/section><\/section>\n<p style=\"text-align: left;\"><i class='featured_icon f-left icon_frame fa fa-file-text-o fa-4x'><\/i>\n<h2><a title=\"Modelos de Guias\" href=\"http:\/\/www.sepacoautogestao.org.br\/home\/modelos-de-guias\/\">Modelos de Guias<\/a><\/h2>\n<p>Clique para conferir os modelos utilizados no Sepaco.<\/p>\n<hr>\n<i class='featured_icon f-left icon_frame fa fa-list-alt fa-4x'><\/i>\n<h2><a title=\"Tabela TUSS\" href=\"http:\/\/www.sepacoautogestao.org.br\/topsaude\/manual\/Manual_Empresa_versao2.pdf\">Manual TopSa\u00fade<\/a><\/h2>\n<p>Confira o manual de utiliza\u00e7\u00e3o do<br>TopSa\u00fade.<\/p>\n<hr>\n<i class='featured_icon f-left icon_frame fa fa-map-marker fa-4x'><\/i>\n<h2><a title=\"Localiza\u00e7\u00e3o\" href=\"http:\/\/www.sepacoautogestao.org.br\/home\/como-chegar\/\">Localiza\u00e7\u00e3o<\/a><\/h2>\n<p>Confira o mapa de localiza\u00e7\u00e3o do atendimento presencial para prestadores.<\/p>\n<p><\/p>\n\n\n<div class=\"wp-block-atomic-blocks-ab-columns ab-layout-columns-1 one-column\"><div class=\"ab-layout-column-wrap ab-block-layout-column-gap-2 ab-is-responsive-column\">\n<div class=\"wp-block-atomic-blocks-ab-column ab-block-layout-column\"><div class=\"ab-block-layout-column-inner\">\n<p>&nbsp;<\/p>\n\n\n\n<p><\/p>\n\n\n\n<p><\/p>\n<\/div><\/div>\n<\/div><\/div>\n\n\n\n<div class=\"wp-block-atomic-blocks-ab-columns ab-layout-columns-1 one-column\"><div class=\"ab-layout-column-wrap ab-block-layout-column-gap-2 ab-is-responsive-column\">\n<div class=\"wp-block-atomic-blocks-ab-column ab-block-layout-column\"><div class=\"ab-block-layout-column-inner has-very-light-gray-background-color\" style=\"padding-top:30px;padding-right:80px;padding-bottom:30px;padding-left:50px\">\n<div class=\"wp-block-atomic-blocks-ab-columns ab-layout-columns-2 ab-2-col-equal has-very-light-gray-background-color\"><div class=\"ab-layout-column-wrap ab-block-layout-column-gap-2 ab-is-responsive-column\">\n<div class=\"wp-block-atomic-blocks-ab-column ab-block-layout-column\"><div class=\"ab-block-layout-column-inner\">\n<p><span class=\"has-inline-color has-vivid-cyan-blue-color\"><strong>Credenciamento:<\/strong><\/span><br><strong>Exames e Terapias:<\/strong> (11) 2182-7631 \/ 2182-4558<br><strong>Cl\u00ednicas e Consult\u00f3rios:<\/strong> (11) 2182-4573 \/ 2182-4555<br><strong>Hospitais: <\/strong>(11) 2182-4561 \/ 2182-4656<\/p>\n\n\n\n<p><span class=\"has-inline-color has-vivid-cyan-blue-color\"><strong>Contas M\u00e9dicas:<\/strong><\/span> (11) 2182-4579 \/ (11) 2182-4583<\/p>\n<\/div><\/div>\n\n\n\n<div class=\"wp-block-atomic-blocks-ab-column ab-block-layout-column\"><div class=\"ab-block-layout-column-inner\">\n<p><span class=\"has-inline-color has-vivid-cyan-blue-color\"><strong>Central de Atendimento\/Regula\u00e7\u00e3o (Guias):<\/strong><\/span><br><strong>S\u00e3o Paulo e Grande S\u00e3o Paulo:<\/strong> (11) 2182-4567<br><strong>Demais Localidades:<\/strong> 0800 727 5177<\/p>\n\n\n\n<p><strong>Demais informa\u00e7\u00f5es consulte o<\/strong><br><strong><a href=\"http:\/\/www.sepacoautogestao.org.br\/home\/manual-prestador\/\">\u201cManual do Prestador\u201d.<\/a><\/strong><\/p>\n<\/div><\/div>\n<\/div><\/div>\n<\/div><\/div>\n<\/div><\/div>\n","protected":false},"excerpt":{"rendered":"<p>Modelos de Guias Clique para conferir os modelos utilizados no Sepaco. Manual TopSa\u00fade Confira o manual de utiliza\u00e7\u00e3o doTopSa\u00fade. Localiza\u00e7\u00e3o Confira o mapa de localiza\u00e7\u00e3o do atendimento presencial para prestadores.<\/p>\n","protected":false},"author":1,"featured_media":0,"parent":0,"menu_order":0,"comment_status":"closed","ping_status":"closed","template":"","meta":{"advgb_blocks_editor_width":"","advgb_blocks_columns_visual_guide":"","ub_ctt_via":"","_mi_skip_tracking":false,"_expiration-date-status":"saved","_expiration-date":1654887587,"_expiration-date-type":"draft","_expiration-date-categories":[],"_expiration-date-options":{"expireType":"draft","category":[],"id":14364}},"featured_image_src":null,"coauthors":[],"author_meta":{"author_link":"http:\/\/www.sepacoautogestao.org.br\/home\/author\/master\/","display_name":"master"},"relative_dates":{"created":"Posted 5 anos ago","modified":"Updated 3 anos ago"},"absolute_dates":{"created":"Posted on ","modified":"Updated on "},"absolute_dates_time":{"created":"Posted on  ","modified":"Updated on  "},"featured_img_caption":"","featured_img":false,"featured_image_src_square":null,"_links":{"self":[{"href":"http:\/\/www.sepacoautogestao.org.br\/home\/wp-json\/wp\/v2\/pages\/14364"}],"collection":[{"href":"http:\/\/www.sepacoautogestao.org.br\/home\/wp-json\/wp\/v2\/pages"}],"about":[{"href":"http:\/\/www.sepacoautogestao.org.br\/home\/wp-json\/wp\/v2\/types\/page"}],"author":[{"embeddable":true,"href":"http:\/\/www.sepacoautogestao.org.br\/home\/wp-json\/wp\/v2\/users\/1"}],"replies":[{"embeddable":true,"href":"http:\/\/www.sepacoautogestao.org.br\/home\/wp-json\/wp\/v2\/comments?post=14364"}],"version-history":[{"count":20,"href":"http:\/\/www.sepacoautogestao.org.br\/home\/wp-json\/wp\/v2\/pages\/14364\/revisions"}],"predecessor-version":[{"id":15195,"href":"http:\/\/www.sepacoautogestao.org.br\/home\/wp-json\/wp\/v2\/pages\/14364\/revisions\/15195"}],"wp:attachment":[{"href":"http:\/\/www.sepacoautogestao.org.br\/home\/wp-json\/wp\/v2\/media?parent=14364"}],"curies":[{"name":"wp","href":"https:\/\/api.w.org\/{rel}","templated":true}]}}